{"id":257,"date":"2020-11-01T17:28:07","date_gmt":"2020-11-01T16:28:07","guid":{"rendered":"https:\/\/www.virtuosslab.cz\/?page_id=257"},"modified":"2020-11-01T17:28:08","modified_gmt":"2020-11-01T16:28:08","slug":"gdpr","status":"publish","type":"page","link":"https:\/\/www.virtuosslab.cz\/index.php\/gdpr\/","title":{"rendered":"GDPR"},"content":{"rendered":"\n<p><strong>PROHL\u00c1\u0160EN\u00cd O OCHRAN\u011a OSOBN\u00cdCH \u00daDAJ\u016e<\/strong><\/p>\n\n\n\n<p><strong>Spole\u010dnost VirtuOSS 3D s.r.o. se s\u00eddlem Mojm\u00edrovc\u016f 799\/45, 709 00 Ostrava (\u201eVirtuOSS\u201c nebo \u201eSpr\u00e1vce\u201c) m\u016f\u017ee zpracov\u00e1vat v&nbsp;souladu s&nbsp;Na\u0159\u00edzen\u00edm Evropsk\u00e9ho parlamentu a Rady (EU) 2016\/679 ze dne 27. dubna 2016, obecn\u00e9 na\u0159\u00edzen\u00ed o ochran\u011b osobn\u00edch \u00fadaj\u016f (\u201eGDPR\u201c), a na n\u011b navazuj\u00edc\u00edmi pr\u00e1vn\u00edmi p\u0159edpisy Va\u0161e osobn\u00ed \u00fadaje. Toto prohl\u00e1\u0161en\u00ed m\u00e1 za c\u00edl objasnit, jak\u00fdm zp\u016fsobem nakl\u00e1d\u00e1me s&nbsp;osobn\u00edmi \u00fadaji na\u0161ich klient\u016f.<\/strong><\/p>\n\n\n\n<p><strong>Jak\u00e9 osobn\u00ed \u00fadaje zpracov\u00e1v\u00e1me a pro\u010d?<\/strong><\/p>\n\n\n\n<p><strong>Osobn\u00ed \u00fadaj<\/strong>&nbsp;definuje GDPR jako jakoukoliv informaci t\u00fdkaj\u00edc\u00ed se ur\u010den\u00e9ho nebo ur\u010diteln\u00e9ho subjektu \u00fadaj\u016f. Va\u0161e osobn\u00ed \u00fadaje jsou zpracov\u00e1v\u00e1ny pouze k&nbsp;\u00fa\u010del\u016fm, kter\u00e9 V\u00e1m sd\u011blujeme p\u0159i jejich shrom\u00e1\u017ed\u011bn\u00ed. VirtuOSS zpracov\u00e1v\u00e1 osobn\u00ed \u00fadaje sv\u00fdch z\u00e1kazn\u00edk\u016f p\u0159edev\u0161\u00edm pro n\u00e1sleduj\u00edc\u00ed \u00fa\u010dely.<\/p>\n\n\n\n<p><strong>Na z\u00e1klad\u011b souhlasu<\/strong>&nbsp;zpracov\u00e1v\u00e1 VirtuOSS osobn\u00ed \u00fadaje p\u0159edev\u0161\u00edm pro n\u00e1sleduj\u00edc\u00ed \u00fa\u010dely:<\/p>\n\n\n\n<ol><li><strong>Marketingov\u00e9 sout\u011b\u017ee a newslettery<br><\/strong>V&nbsp;p\u0159\u00edpad\u011b p\u0159ihl\u00e1\u0161en\u00ed do n\u011bkter\u00e9 z&nbsp;na\u0161ich sout\u011b\u017e\u00ed zpracov\u00e1v\u00e1me osobn\u00ed \u00fadaje v&nbsp;rozsahu, kter\u00fd je uveden v&nbsp;pravidlech konkr\u00e9tn\u00ed sout\u011b\u017ee (informace ohledn\u011b zpracov\u00e1n\u00ed osobn\u00edch \u00fadaj\u016f) resp. v&nbsp;r\u00e1mci ud\u011blen\u00ed&nbsp;souhlasu se zpracov\u00e1n\u00edm, kter\u00fd n\u00e1m poskytnete. Nej\u010dast\u011bji se jedn\u00e1 o jm\u00e9no, p\u0159\u00edjmen\u00ed a e-mailovou \u010di kontaktn\u00ed adresu, p\u0159\u00edp. telefonn\u00ed \u010d\u00edslo. V&nbsp;z\u00e1vislosti na konkr\u00e9tn\u00ed sout\u011b\u017ei se tento rozsah m\u016f\u017ee li\u0161it. Tyto osobn\u00ed \u00fadaje zpracov\u00e1v\u00e1me v souladu s&nbsp;pravidly konkr\u00e9tn\u00ed marketingov\u00e9 sout\u011b\u017ee.<\/li><li><strong>Webov\u00e9 str\u00e1nky&nbsp;<a href=\"http:\/\/www.virtuosslab.cz\/\" target=\"_blank\" rel=\"noreferrer noopener\">www.virtuosslab.cz<\/a><br><\/strong>Na na\u0161ich webov\u00fdch str\u00e1nk\u00e1ch vyu\u017e\u00edv\u00e1me pro \u00fa\u010dely personalizace webov\u00fdch str\u00e1nek s&nbsp;Va\u0161\u00edm souhlasem soubory cookies, a to a\u017e do odvol\u00e1n\u00ed souhlasu<\/li><li><strong>Nab\u00eddka produkt\u016f a informov\u00e1n\u00ed o akc\u00edch<br><\/strong>Pokud n\u00e1m poskytnete souhlas, zpracov\u00e1v\u00e1me Va\u0161e osobn\u00ed \u00fadaje tak\u00e9 za \u00fa\u010delem zas\u00edl\u00e1n\u00ed nab\u00eddky produkt\u016f a informov\u00e1n\u00ed o akc\u00edch prost\u0159ednictv\u00edm e-mailu nebo na V\u00e1mi zadanou adresu. Tyto osobn\u00ed \u00fadaje zpracov\u00e1v\u00e1me a\u017e do odvol\u00e1n\u00ed souhlasu.<br><strong>Bez souhlasu<\/strong>&nbsp;z\u00e1kazn\u00edk\u016f, na z\u00e1klad\u011b opr\u00e1vn\u011bn\u00e9ho z\u00e1jmu Spr\u00e1vce, zpracov\u00e1v\u00e1 VirtuOSS osobn\u00ed \u00fadaje p\u0159edev\u0161\u00edm pro n\u00e1sleduj\u00edc\u00ed \u00fa\u010del.<\/li><li><strong>Z\u00e1kaznick\u00e1 linka<\/strong><strong>&nbsp;VirtuOSS&nbsp;&nbsp;<br><\/strong>Hovory z\u00e1kaznick\u00e9 linky spole\u010dnosti VirtuOSS nejsou nahr\u00e1v\u00e1ny.<\/li><\/ol>\n\n\n\n<p><strong>Bez souhlasu<\/strong>&nbsp;z\u00e1kazn\u00edk\u016f, na z\u00e1klad\u011b pln\u011bn\u00ed smlouvy \u010di pln\u011bn\u00ed pr\u00e1vn\u00ed povinnosti Spr\u00e1vcem, zpracov\u00e1v\u00e1 VirtuOSS osobn\u00ed \u00fadaje p\u0159edev\u0161\u00edm pro n\u00e1sleduj\u00edc\u00ed \u00fa\u010delu:<\/p>\n\n\n\n<p><strong>St\u00ed\u017enosti a reklamace<br><\/strong>Vzhledem k&nbsp;tomu, \u017ee n\u00e1m velice z\u00e1le\u017e\u00ed na kvalit\u011b na\u0161ich slu\u017eeb, zpracov\u00e1v\u00e1me Va\u0161e osobn\u00ed \u00fadaje i pro \u00fa\u010dely vy\u0159\u00edzen\u00ed Va\u0161ich st\u00ed\u017enost\u00ed a reklamac\u00ed. Jedn\u00e1 se o Va\u0161e identifika\u010dn\u00ed a kontaktn\u00ed \u00fadaje a p\u0159\u00edp. dal\u0161\u00ed \u00fadaje nutn\u00e9 pro vy\u0159\u00edzen\u00ed reklamace, jejich\u017e rozsah se m\u016f\u017ee li\u0161it v&nbsp;z\u00e1vislosti od Va\u0161\u00ed st\u00ed\u017enosti nebo reklamace. Va\u0161e osobn\u00ed \u00fadaje k&nbsp;tomuto \u00fa\u010delu zpracov\u00e1v\u00e1me po dobu nezbytnou k&nbsp;vy\u0159\u00edzen\u00ed Va\u0161\u00ed st\u00ed\u017enosti \u010di reklamace a n\u00e1sledn\u011b po dobu 4 let.<\/p>\n\n\n\n<p><strong>Komu mohou b\u00fdt \u00fadaje poskytnuty?<\/strong><\/p>\n\n\n\n<p>Osobn\u00ed \u00fadaje na\u0161ich z\u00e1kazn\u00edk\u016f mohou b\u00fdt zp\u0159\u00edstupn\u011bny n\u00e1sleduj\u00edc\u00edm subjekt\u016fm:<\/p>\n\n\n\n<ul><li>V&nbsp;p\u0159\u00edpad\u011b n\u011bkter\u00fdch \u010dinnost\u00ed spolupracujeme s&nbsp;extern\u00edmi subjekty (\u201e<strong>zpracovateli<\/strong>\u201c), kte\u0159\u00ed pro spole\u010dnost VirtuOSS Va\u0161e osobn\u00ed \u00fadaje zpracov\u00e1vaj\u00ed. Zpracovatel\u00e9 zpracov\u00e1vaj\u00ed Va\u0161e osobn\u00ed \u00fadaje v\u017edy na z\u00e1klad\u011b zvl\u00e1\u0161tn\u00ed smlouvy. Zpracovatel\u00e9 spole\u010dnosti VirtuOSS jsou pe\u010dliv\u011b vyb\u00edr\u00e1ni s&nbsp;c\u00edlem zajistit z\u00e1ruky ochrany zpracov\u00e1van\u00fdch osobn\u00edch \u00fadaj\u016f dle platn\u00fdch pr\u00e1vn\u00edch p\u0159edpis\u016f.<\/li><li>\u00dadaje mohou b\u00fdt poskytnuty&nbsp;<strong>soud\u016fm,<\/strong>&nbsp;<strong>org\u00e1n\u016fm st\u00e1tn\u00ed spr\u00e1vy \u010di org\u00e1n\u016fm \u010dinn\u00fdm v&nbsp;trestn\u00edm \u0159\u00edzen\u00ed<\/strong>&nbsp;v&nbsp;p\u0159\u00edpad\u011b, \u017ee takovouto povinnost ukl\u00e1d\u00e1 z\u00e1kon nebo je takov\u00e9 poskytnut\u00ed nezbytn\u00e9 k&nbsp;pln\u011bn\u00ed povinnosti ulo\u017een\u00e9 z\u00e1konem.<\/li><li>Se souhlasem z\u00e1kazn\u00edka mohou b\u00fdt osobn\u00ed \u00fadaje poskytnuty&nbsp;<strong>i dal\u0161\u00edm subjekt\u016fm<\/strong>.<\/li><\/ul>\n\n\n\n<p><strong>Jak zaji\u0161\u0165uje VirtuOSS ochranu osobn\u00edch \u00fadaj\u016f?<\/strong><\/p>\n\n\n\n<p>Osobn\u00ed \u00fadaje jsou pod st\u00e1lou fyzickou, elektronickou i procesn\u00ed kontrolou. VirtuOSS m\u00e1 zavedeny pot\u0159ebn\u00e9 kontroln\u00ed, technick\u00e9, organiza\u010dn\u00ed a bezpe\u010dnostn\u00ed mechanismy zaji\u0161\u0165uj\u00edc\u00ed ochranu zpracov\u00e1van\u00fdch osobn\u00edch \u00fadaj\u016f p\u0159ed ztr\u00e1tou, zni\u010den\u00edm nebo jejich zneu\u017eit\u00edm.<\/p>\n\n\n\n<p><strong>Jak\u00e1 pr\u00e1va mohou na\u0161i z\u00e1kazn\u00edci uplatnit?<\/strong><\/p>\n\n\n\n<p>Krom\u011b vybran\u00fdch \u00fa\u010del\u016f v\u00fd\u0161e zpracov\u00e1v\u00e1 VirtuOSS osobn\u00ed \u00fadaje v\u00fdhradn\u011b se souhlasem z\u00e1kazn\u00edk\u016f. Je pouze na V\u00e1s, zda n\u00e1m sv\u016fj souhlas v&nbsp;navr\u017een\u00e9m rozsahu poskytnete, \u010di nikoliv.<\/p>\n\n\n\n<p>Sv\u016fj souhlas se zpracov\u00e1n\u00edm osobn\u00edch \u00fadaj\u016f m\u016f\u017eete kdykoli odvolat v\u00fdslovn\u00fdm sd\u011blen\u00edm zaslan\u00fdm na adresu s\u00eddla spole\u010dnosti VirtuOSS nebo e-mailem zaslan\u00fdm na adresu&nbsp;<a href=\"mailto:lab@virtuoss3d.cz\" target=\"_blank\" rel=\"noreferrer noopener\">lab@virtuoss3d.cz<\/a>.<\/p>\n\n\n\n<p>Odvol\u00e1n\u00ed souhlasu je \u00fa\u010dinn\u00e9 okam\u017eikem jeho doru\u010den\u00ed spole\u010dnosti VirtuOSS.<\/p>\n\n\n\n<p>Krom\u011b odvol\u00e1n\u00ed souhlasu m\u00e1te d\u00e1le pr\u00e1vo po\u017e\u00e1dat o:<\/p>\n\n\n\n<ul><li><strong>P\u0159\u00edstup k&nbsp;osobn\u00edm \u00fadaj\u016fm<\/strong><\/li><\/ul>\n\n\n\n<p>Dle \u010dl. 15 GDPR m\u00e1 subjekt \u00fadaj\u016f pr\u00e1vo na p\u0159\u00edstup k osobn\u00edm \u00fadaj\u016fm, kter\u00e9 zahrnuje pr\u00e1vo z\u00edskat od spole\u010dnosti VirtuOSS n\u00e1sleduj\u00edc\u00ed informace:<\/p>\n\n\n\n<p>o&nbsp;&nbsp;&nbsp; potvrzen\u00ed, zda zpracov\u00e1v\u00e1 osobn\u00ed \u00fadaje,<\/p>\n\n\n\n<p>o&nbsp;&nbsp;&nbsp; informace o \u00fa\u010delech zpracov\u00e1n\u00ed,<\/p>\n\n\n\n<p>o&nbsp;&nbsp;&nbsp; kategorie dot\u010den\u00fdch osobn\u00edch \u00fadaj\u016f,<\/p>\n\n\n\n<p>o&nbsp;&nbsp;&nbsp; p\u0159\u00edjemci nebo kategorie p\u0159\u00edjemc\u016f, kter\u00fdm osobn\u00ed \u00fadaje byly nebo budou zp\u0159\u00edstupn\u011bny,<\/p>\n\n\n\n<p>o&nbsp;&nbsp;&nbsp; pl\u00e1novan\u00e9 dob\u011b zpracov\u00e1n\u00ed,<\/p>\n\n\n\n<p>o&nbsp; &nbsp;existenci pr\u00e1va po\u017eadovat od spr\u00e1vce opravu nebo v\u00fdmaz osobn\u00edch \u00fadaj\u016f t\u00fdkaj\u00edc\u00edch se subjektu \u00fadaj\u016f nebo omezen\u00ed jejich zpracov\u00e1n\u00ed nebo vzn\u00e9st n\u00e1mitku proti tomuto zpracov\u00e1n\u00ed,<\/p>\n\n\n\n<p>o&nbsp; &nbsp; pr\u00e1vo podat st\u00ed\u017enost u dozorov\u00e9ho \u00fa\u0159adu,<\/p>\n\n\n\n<p>o&nbsp; &nbsp; ve\u0161ker\u00fdch dostupn\u00fdch informac\u00edch o zdroji osobn\u00edch \u00fadaj\u016f, pokud nejsou z\u00edsk\u00e1ny od subjektu \u00fadaj\u016f,<\/p>\n\n\n\n<p>o&nbsp;&nbsp;&nbsp;skute\u010dnosti, zda doch\u00e1z\u00ed k automatizovan\u00e9mu rozhodov\u00e1n\u00ed, v\u010detn\u011b profilov\u00e1n\u00ed, o vhodn\u00fdch z\u00e1ruk\u00e1ch p\u0159i p\u0159ed\u00e1n\u00ed \u00fadaj\u016f mimo EU, v p\u0159\u00edpad\u011b, \u017ee nebudou nep\u0159\u00edzniv\u011b dot\u010dena pr\u00e1va a svobody jin\u00fdch osob i kopii osobn\u00edch \u00fadaj\u016f.<\/p>\n\n\n\n<p>V p\u0159\u00edpad\u011b nep\u0159im\u011b\u0159en\u00fdch \u017e\u00e1dost\u00ed, zejm\u00e9na proto, \u017ee se opakuj\u00ed, m\u016f\u017ee spole\u010dnost VirtuOSS za kopii osobn\u00edch \u00fadaj\u016f \u00fa\u010dtovat p\u0159im\u011b\u0159en\u00fd poplatek.<\/p>\n","protected":false},"excerpt":{"rendered":"<p>PROHL\u00c1\u0160EN\u00cd O OCHRAN\u011a OSOBN\u00cdCH \u00daDAJ\u016e Spole\u010dnost VirtuOSS 3D s.r.o. se s\u00eddlem Mojm\u00edrovc\u016f 799\/45, 709 00 Ostrava (\u201eVirtuOSS\u201c nebo \u201eSpr\u00e1vce\u201c) m\u016f\u017ee zpracov\u00e1vat v&nbsp;souladu s&nbsp;Na\u0159\u00edzen\u00edm Evropsk\u00e9ho parlamentu&hellip;<\/p>\n","protected":false},"author":1,"featured_media":0,"parent":0,"menu_order":0,"comment_status":"closed","ping_status":"closed","template":"","meta":[],"_links":{"self":[{"href":"https:\/\/www.virtuosslab.cz\/index.php\/wp-json\/wp\/v2\/pages\/257"}],"collection":[{"href":"https:\/\/www.virtuosslab.cz\/index.php\/wp-json\/wp\/v2\/pages"}],"about":[{"href":"https:\/\/www.virtuosslab.cz\/index.php\/wp-json\/wp\/v2\/types\/page"}],"author":[{"embeddable":true,"href":"https:\/\/www.virtuosslab.cz\/index.php\/wp-json\/wp\/v2\/users\/1"}],"replies":[{"embeddable":true,"href":"https:\/\/www.virtuosslab.cz\/index.php\/wp-json\/wp\/v2\/comments?post=257"}],"version-history":[{"count":1,"href":"https:\/\/www.virtuosslab.cz\/index.php\/wp-json\/wp\/v2\/pages\/257\/revisions"}],"predecessor-version":[{"id":258,"href":"https:\/\/www.virtuosslab.cz\/index.php\/wp-json\/wp\/v2\/pages\/257\/revisions\/258"}],"wp:attachment":[{"href":"https:\/\/www.virtuosslab.cz\/index.php\/wp-json\/wp\/v2\/media?parent=257"}],"curies":[{"name":"wp","href":"https:\/\/api.w.org\/{rel}","templated":true}]}}