{"id":42,"date":"2020-04-02T21:51:40","date_gmt":"2020-04-02T19:51:40","guid":{"rendered":"https:\/\/www.virtuosslab.cz\/?page_id=42"},"modified":"2025-03-21T06:36:50","modified_gmt":"2025-03-21T05:36:50","slug":"objednavka","status":"publish","type":"page","link":"https:\/\/www.virtuosslab.cz\/index.php\/objednavka\/","title":{"rendered":"Objedn\u00e1vka"},"content":{"rendered":"\n<h2 class=\"has-medium-font-size\">Program TeamViewer pro vzd\u00e1lenou podporu ke sta\u017een\u00ed zde:<\/h2>\n\n\n\n<p class=\"has-medium-font-size\"><a rel=\"noreferrer noopener\" href=\"https:\/\/www.virtuosslab.cz\/wp-content\/uploads\/2021\/03\/TeamViewerQS.exe\" target=\"_blank\">TeamViewer QS<\/a><\/p>\n\n\n\n<h2 class=\"has-medium-font-size\">Zde si m\u016f\u017eete st\u00e1hnout objedn\u00e1vac\u00ed formul\u00e1\u0159e pro na\u0161i laborato\u0159 ve form\u00e1tu pdf. Formul\u00e1\u0159e je mo\u017en\u00e9 vyplnit elektronicky.<\/h2>\n\n\n\n<div class=\"wp-block-file\"><a href=\"https:\/\/www.virtuosslab.cz\/wp-content\/uploads\/2020\/04\/RRMMDD-Prijmeni-Jmeno-VirtuossLAB-Alignery-1.10.pdf\">Alignery<\/a><a href=\"https:\/\/www.virtuosslab.cz\/wp-content\/uploads\/2020\/04\/RRMMDD-Prijmeni-Jmeno-VirtuossLAB-Alignery-1.10.pdf\" class=\"wp-block-file__button\" download>St\u00e1hnout<\/a><\/div>\n\n\n\n<div class=\"wp-block-file\"><a href=\"https:\/\/www.virtuosslab.cz\/wp-content\/uploads\/2025\/01\/RRMMDD-Prijmeni-Jmeno-VirtuossLAB-HYRAX-KLASICKY-2.3.pdf\">Hyrax &#8211; dent\u00e1ln\u00ed kotven\u00ed<\/a><a href=\"https:\/\/www.virtuosslab.cz\/wp-content\/uploads\/2025\/01\/RRMMDD-Prijmeni-Jmeno-VirtuossLAB-HYRAX-KLASICKY-2.3.pdf\" class=\"wp-block-file__button\" download>St\u00e1hnout<\/a><\/div>\n\n\n\n<div class=\"wp-block-file\"><a href=\"https:\/\/www.virtuosslab.cz\/wp-content\/uploads\/2025\/01\/RRMMDD-Prijmeni-Jmeno-VirtuossLAB-HYRAX-Skeletal-2.2-1.pdf\">Hyrax &#8211; skelet\u00e1ln\u00ed kotven\u00ed<\/a><a href=\"https:\/\/www.virtuosslab.cz\/wp-content\/uploads\/2025\/01\/RRMMDD-Prijmeni-Jmeno-VirtuossLAB-HYRAX-Skeletal-2.2-1.pdf\" class=\"wp-block-file__button\" download>St\u00e1hnout<\/a><\/div>\n\n\n\n<div class=\"wp-block-file\"><a href=\"https:\/\/www.virtuosslab.cz\/wp-content\/uploads\/2025\/01\/RRMMDD-Prijmeni-Jmeno-VirtuossLAB-Sablona-implantacni2.02.pdf\">Implanta\u010dn\u00ed \u0161ablona &#8211; ozuben\u00e1 \u010delist<\/a><a href=\"https:\/\/www.virtuosslab.cz\/wp-content\/uploads\/2025\/01\/RRMMDD-Prijmeni-Jmeno-VirtuossLAB-Sablona-implantacni2.02.pdf\" class=\"wp-block-file__button\" download>St\u00e1hnout<\/a><\/div>\n\n\n\n<div class=\"wp-block-file\"><a href=\"https:\/\/www.virtuosslab.cz\/wp-content\/uploads\/2025\/01\/RRMMDD-Prijmeni-Jmeno-VirtuossLAB-Sablona-Bezzuba.pdf\">Implanta\u010dn\u00ed \u0161ablona &#8211; bezzub\u00e1 \u010delist<\/a><a href=\"https:\/\/www.virtuosslab.cz\/wp-content\/uploads\/2025\/01\/RRMMDD-Prijmeni-Jmeno-VirtuossLAB-Sablona-Bezzuba.pdf\" class=\"wp-block-file__button\" download>St\u00e1hnout<\/a><\/div>\n\n\n\n<div class=\"wp-block-file\"><a href=\"https:\/\/www.virtuosslab.cz\/wp-content\/uploads\/2025\/01\/RRMMDD-Prijmeni-Jmeno-VirtuossLAB-Retainer-2.02.pdf\">Retainer<\/a><a href=\"https:\/\/www.virtuosslab.cz\/wp-content\/uploads\/2025\/01\/RRMMDD-Prijmeni-Jmeno-VirtuossLAB-Retainer-2.02.pdf\" class=\"wp-block-file__button\" download>St\u00e1hnout<\/a><\/div>\n\n\n\n<div class=\"wp-block-file\"><a href=\"https:\/\/www.virtuosslab.cz\/wp-content\/uploads\/2025\/01\/RRMMDD-Prijmeni-Jmeno-VirtuossLAB-ESSIX2.03.pdf\">ESSIX<\/a><a href=\"https:\/\/www.virtuosslab.cz\/wp-content\/uploads\/2025\/01\/RRMMDD-Prijmeni-Jmeno-VirtuossLAB-ESSIX2.03.pdf\" class=\"wp-block-file__button\" download>St\u00e1hnout<\/a><\/div>\n\n\n\n<div class=\"wp-block-file\"><a href=\"https:\/\/www.virtuosslab.cz\/wp-content\/uploads\/2025\/01\/RRMMDD-Prijmeni-Jmeno-VirtuossLAB-Mezernik-2.03.pdf\">Mezern\u00edk<\/a><a href=\"https:\/\/www.virtuosslab.cz\/wp-content\/uploads\/2025\/01\/RRMMDD-Prijmeni-Jmeno-VirtuossLAB-Mezernik-2.03.pdf\" class=\"wp-block-file__button\" download>St\u00e1hnout<\/a><\/div>\n\n\n\n<div class=\"wp-block-file\"><a href=\"https:\/\/www.virtuosslab.cz\/wp-content\/uploads\/2025\/01\/RRMMDD-Prijmeni-Jmeno-VirtuossLAB-TPA-2.03.pdf\">TPA<\/a><a href=\"https:\/\/www.virtuosslab.cz\/wp-content\/uploads\/2025\/01\/RRMMDD-Prijmeni-Jmeno-VirtuossLAB-TPA-2.03.pdf\" class=\"wp-block-file__button\" download>St\u00e1hnout<\/a><\/div>\n\n\n\n<div class=\"wp-block-file\"><a href=\"https:\/\/www.virtuosslab.cz\/wp-content\/uploads\/2025\/01\/RRMMDD-Prijmeni-Jmeno-VirtuossLAB-3Dcrib2.03-1.pdf\">3Dcrib<\/a><a href=\"https:\/\/www.virtuosslab.cz\/wp-content\/uploads\/2025\/01\/RRMMDD-Prijmeni-Jmeno-VirtuossLAB-3Dcrib2.03-1.pdf\" class=\"wp-block-file__button\" download>St\u00e1hnout<\/a><\/div>\n\n\n\n<div class=\"wp-block-file\"><a href=\"https:\/\/www.virtuosslab.cz\/wp-content\/uploads\/2025\/01\/RRMMDD-Prijmeni-Jmeno-VirtuossLAB-Distalizer2.02.pdf\">Distaliz\u00e9r<\/a><a href=\"https:\/\/www.virtuosslab.cz\/wp-content\/uploads\/2025\/01\/RRMMDD-Prijmeni-Jmeno-VirtuossLAB-Distalizer2.02.pdf\" class=\"wp-block-file__button\" download>St\u00e1hnout<\/a><\/div>\n\n\n\n<div class=\"wp-block-file\"><a href=\"https:\/\/www.virtuosslab.cz\/wp-content\/uploads\/2025\/01\/RRMMDD-Prijmeni-Jmeno-VirtuossLAB-Dummy2.03.pdf\">Dummy pro autotransplantaci<\/a><a href=\"https:\/\/www.virtuosslab.cz\/wp-content\/uploads\/2025\/01\/RRMMDD-Prijmeni-Jmeno-VirtuossLAB-Dummy2.03.pdf\" class=\"wp-block-file__button\" download>St\u00e1hnout<\/a><\/div>\n\n\n\n<div class=\"wp-block-file\"><a href=\"https:\/\/www.virtuosslab.cz\/wp-content\/uploads\/2025\/01\/RRMMDD-Prijmeni-Jmeno-VirtuossLAB-LO-2.03.pdf\">Lingv\u00e1ln\u00ed oblouk<\/a><a href=\"https:\/\/www.virtuosslab.cz\/wp-content\/uploads\/2025\/01\/RRMMDD-Prijmeni-Jmeno-VirtuossLAB-LO-2.03.pdf\" class=\"wp-block-file__button\" download>St\u00e1hnout<\/a><\/div>\n\n\n\n<p class=\"has-medium-font-size\">Objedn\u00e1vku pros\u00edm za\u0161lete p\u0159es Medpost. <a href=\"http:\/\/www.medpost.cz\">https:\/\/www.medpost.cz<\/a><\/p>\n\n\n\n<p class=\"has-medium-font-size\">Po\u017eadavek o z\u0159\u00edzen\u00ed Medpost \u00fa\u010dtu m\u016f\u017eete vyplnit zde:<\/p>\n\n\n<div role=\"form\" class=\"wpcf7\" id=\"wpcf7-f248-o1\" lang=\"cs-CZ\" dir=\"ltr\">\n<div class=\"screen-reader-response\"><p role=\"status\" aria-live=\"polite\" aria-atomic=\"true\"><\/p> <ul><\/ul><\/div>\n<form action=\"\/index.php\/wp-json\/wp\/v2\/pages\/42#wpcf7-f248-o1\" method=\"post\" class=\"wpcf7-form init\" novalidate=\"novalidate\" data-status=\"init\">\n<div style=\"display: none;\">\n<input type=\"hidden\" name=\"_wpcf7\" value=\"248\" \/>\n<input type=\"hidden\" name=\"_wpcf7_version\" value=\"5.4.2\" \/>\n<input type=\"hidden\" name=\"_wpcf7_locale\" value=\"cs_CZ\" \/>\n<input type=\"hidden\" name=\"_wpcf7_unit_tag\" value=\"wpcf7-f248-o1\" \/>\n<input type=\"hidden\" name=\"_wpcf7_container_post\" value=\"0\" \/>\n<input type=\"hidden\" name=\"_wpcf7_posted_data_hash\" value=\"\" \/>\n<input type=\"hidden\" name=\"_wpcf7_recaptcha_response\" value=\"\" \/>\n<\/div>\n<p><label> Va\u0161e jm\u00e9no<br \/>\n    <span class=\"wpcf7-form-control-wrap your-name\"><input type=\"text\" name=\"your-name\" value=\"\" size=\"40\" class=\"wpcf7-form-control wpcf7-text wpcf7-validates-as-required\" aria-required=\"true\" aria-invalid=\"false\" \/><\/span> <\/label><\/p>\n<p><label> Email<br \/>\n    <span class=\"wpcf7-form-control-wrap your-email\"><input type=\"email\" name=\"your-email\" value=\"\" size=\"40\" class=\"wpcf7-form-control wpcf7-text wpcf7-email wpcf7-validates-as-required wpcf7-validates-as-email\" aria-required=\"true\" aria-invalid=\"false\" \/><\/span> <\/label><\/p>\n<p><label> Tel. \u010d\u00edslo<br \/>\n<span class=\"wpcf7-form-control-wrap tel\"><input type=\"tel\" name=\"tel\" value=\"\" size=\"40\" class=\"wpcf7-form-control wpcf7-text wpcf7-tel wpcf7-validates-as-required wpcf7-validates-as-tel\" aria-required=\"true\" aria-invalid=\"false\" \/><\/span><\/label><\/p>\n<p><label> Faktura\u010dn\u00ed \u00fadaje <\/label><\/p>\n<p><label> N\u00e1zev<br \/>\n<span class=\"wpcf7-form-control-wrap subj_name\"><input type=\"text\" name=\"subj_name\" value=\"\" size=\"40\" class=\"wpcf7-form-control wpcf7-text wpcf7-validates-as-required\" aria-required=\"true\" aria-invalid=\"false\" \/><\/span><\/label><\/p>\n<p><label> I\u010cO<br \/>\n<span class=\"wpcf7-form-control-wrap ICO\"><input type=\"number\" name=\"ICO\" value=\"\" class=\"wpcf7-form-control wpcf7-number wpcf7-validates-as-required wpcf7-validates-as-number\" aria-required=\"true\" aria-invalid=\"false\" \/><\/span><\/label><\/p>\n<p><label> Adresa <\/label><\/p>\n<p><label> Ulice<br \/>\n<span class=\"wpcf7-form-control-wrap street\"><input type=\"text\" name=\"street\" value=\"\" size=\"40\" class=\"wpcf7-form-control wpcf7-text wpcf7-validates-as-required\" aria-required=\"true\" aria-invalid=\"false\" \/><\/span><\/label><\/p>\n<p><label> \u010c\u00edslo<br \/>\n<span class=\"wpcf7-form-control-wrap street_nr\"><input type=\"number\" name=\"street_nr\" value=\"\" class=\"wpcf7-form-control wpcf7-number wpcf7-validates-as-required wpcf7-validates-as-number\" aria-required=\"true\" aria-invalid=\"false\" \/><\/span><\/label><\/p>\n<p><label> M\u011bsto<br \/>\n<span class=\"wpcf7-form-control-wrap City\"><input type=\"text\" name=\"City\" value=\"\" size=\"40\" class=\"wpcf7-form-control wpcf7-text wpcf7-validates-as-required\" aria-required=\"true\" aria-invalid=\"false\" \/><\/span><\/label><\/p>\n<p><label> PS\u010c<br \/>\n<span class=\"wpcf7-form-control-wrap postral_code\"><input type=\"number\" name=\"postral_code\" value=\"\" class=\"wpcf7-form-control wpcf7-number wpcf7-validates-as-required wpcf7-validates-as-number\" aria-required=\"true\" aria-invalid=\"false\" \/><\/span><\/label><\/p>\n<p><label> Zem\u011b<br \/>\n<span class=\"wpcf7-form-control-wrap Country\"><select name=\"Country\" class=\"wpcf7-form-control wpcf7-select\" aria-invalid=\"false\"><option value=\"\u010cesk\u00e1 republika\">\u010cesk\u00e1 republika<\/option><option value=\"Slovensk\u00e1 republika\">Slovensk\u00e1 republika<\/option><\/select><\/span><\/label><\/p>\n<p><label> Souhlas\u00edm se zpracov\u00e1n\u00edm osobn\u00edch \u00fadaj\u016f dle GDPR popsan\u00e9ho <a href=\"https:\/\/www.virtuosslab.cz\/index.php\/gdpr\/\">zde<\/a>.<br \/>\n<span class=\"wpcf7-form-control-wrap GDPR\"><span class=\"wpcf7-form-control wpcf7-checkbox wpcf7-validates-as-required\"><span class=\"wpcf7-list-item first last\"><label><input type=\"checkbox\" name=\"GDPR[]\" value=\"souhlas\u00edm\" \/><span class=\"wpcf7-list-item-label\">souhlas\u00edm<\/span><\/label><\/span><\/span><\/span><\/label><\/p>\n<p><input type=\"submit\" value=\"Submit\" class=\"wpcf7-form-control wpcf7-submit\" \/><\/p>\n<p style=\"display: none !important;\" class=\"akismet-fields-container\" data-prefix=\"_wpcf7_ak_\"><label>&#916;<textarea name=\"_wpcf7_ak_hp_textarea\" cols=\"45\" rows=\"8\" maxlength=\"100\"><\/textarea><\/label><input type=\"hidden\" id=\"ak_js_1\" name=\"_wpcf7_ak_js\" value=\"55\"\/><script>document.getElementById( \"ak_js_1\" ).setAttribute( \"value\", ( new Date() ).getTime() );<\/script><\/p><div class=\"wpcf7-response-output\" aria-hidden=\"true\"><\/div><\/form><\/div>\n","protected":false},"excerpt":{"rendered":"<p>Program TeamViewer pro vzd\u00e1lenou podporu ke sta\u017een\u00ed zde: TeamViewer QS Zde si m\u016f\u017eete st\u00e1hnout objedn\u00e1vac\u00ed formul\u00e1\u0159e pro na\u0161i laborato\u0159 ve form\u00e1tu pdf. Formul\u00e1\u0159e je mo\u017en\u00e9&hellip;<\/p>\n","protected":false},"author":1,"featured_media":0,"parent":0,"menu_order":0,"comment_status":"closed","ping_status":"closed","template":"","meta":[],"_links":{"self":[{"href":"https:\/\/www.virtuosslab.cz\/index.php\/wp-json\/wp\/v2\/pages\/42"}],"collection":[{"href":"https:\/\/www.virtuosslab.cz\/index.php\/wp-json\/wp\/v2\/pages"}],"about":[{"href":"https:\/\/www.virtuosslab.cz\/index.php\/wp-json\/wp\/v2\/types\/page"}],"author":[{"embeddable":true,"href":"https:\/\/www.virtuosslab.cz\/index.php\/wp-json\/wp\/v2\/users\/1"}],"replies":[{"embeddable":true,"href":"https:\/\/www.virtuosslab.cz\/index.php\/wp-json\/wp\/v2\/comments?post=42"}],"version-history":[{"count":33,"href":"https:\/\/www.virtuosslab.cz\/index.php\/wp-json\/wp\/v2\/pages\/42\/revisions"}],"predecessor-version":[{"id":587,"href":"https:\/\/www.virtuosslab.cz\/index.php\/wp-json\/wp\/v2\/pages\/42\/revisions\/587"}],"wp:attachment":[{"href":"https:\/\/www.virtuosslab.cz\/index.php\/wp-json\/wp\/v2\/media?parent=42"}],"curies":[{"name":"wp","href":"https:\/\/api.w.org\/{rel}","templated":true}]}}